. What is the highest common divisor of 340 and c?
20
Let i(b) = -b**3 + 9*b**2 + 20*b - 20. Let j be i(-10). Calculate the highest common divisor of 10 and j.
10
Let o(u) = 3*u**2 + u + 150. Let m be o(0). Suppose 42*q = 37*q + m. Calculate the highest common factor of 20 and q.
10
Let t(n) = n**2 - 9*n + 43. Let o be t(0). Calculate the highest common divisor of 86 and o.
43
Let y(l) = -l**2 - 3*l - 1. Let a be y(-2). Let m be a*9 - 6/3. Let z be -9 + 6 + 4/(-6)*-6. What is the highest common factor of z and m?
1
Suppose 4*c = 3*j - 110, -3*j + c = -97 + 2. Calculate the highest common divisor of 320 and j.
10
Let u = 2092 + -2068. What is the greatest common divisor of 1140 and u?
12
Let b = -62 + 105. Let a = b - 34. Calculate the highest common factor of a and 99.
9
Suppose 5*q + 0 - 5 = 0. Let t be q - (6/2)/(-1). Suppose -v + 23 = o, t*v + 3 = -o + 14. What is the greatest common factor of 3 and o?
3
Let r(s) = -2*s**2 + 13*s - 5. Suppose -f = 3*v - 6*f - 30, -3*f = 3*v - 6. Let q be r(v). Calculate the greatest common factor of 40 and q.
10
Suppose 0 = -w - 3*n + 19, 0*w - n = 3*w - 25. Let o be (w/(-4))/((-1)/36). Calculate the highest common factor of 9 and o.
9
Let b(w) = -6*w - 6. Let m be b(-5). What is the highest common divisor of 32 and m?
8
Let q(r) = 58*r + 4. Let h be q(-3). Let m be 9/27 + h/(-3). Calculate the highest common factor of m and 38.
19
Let t(n) be the first derivative of -9*n**2 - 34*n + 56. Let k be t(-3). What is the greatest common factor of k and 8?
4
Let c(g) = -g**2 + 46*g - 118. Let b be c(43). What is the greatest common divisor of 704 and b?
11
Let d = -133 - -57. Let m = d - -126. Calculate the greatest common factor of 10 and m.
10
Let s be (4 + -599)/(-5) + 0. Suppose -33 = -8*u + s. What is the greatest common factor of 76 and u?
19
Let v be (93 - -9)*(100/(-15) + 7). Calculate the greatest common divisor of v and 1156.
34
Suppose 3*g = -2*v - v - 6, -4*v + g + 2 = 0. Suppose -45 = -v*i - 9*i. Let s = -11 + 16. Calculate the greatest common factor of i and s.
5
Suppose 0*n + 1610 = -10*n. Let m = n + 211. Calculate the greatest common factor of m and 550.
50
Suppose -4*l - 384 = 316. Let s be ((-24)/15)/(14/l). Calculate the greatest common factor of 20 and s.
20
Let t(f) = f**2 + 6*f - 11. Suppose -n - 5 = -h - 2*h, 5*n - 2*h = 14. Let r be t(n). What is the greatest common factor of 232 and r?
29
Let a be (-2)/(-10) + 19/5. Suppose -a*l - 75 = -5*l. Calculate the greatest common divisor of l and 15.
15
Suppose -5*o + 2592 = 13*o. What is the highest common factor of o and 240?
48
Suppose -4*b - 39 = -y - 16, -4*b - 4*y - 48 = 0. Let a = b - 14. Let f be 6/a - 58/(-7). What is the highest common factor of f and 20?
4
Let u be (2 + -57)/(2 + -3). Let x be 1 - (2 - (-2 - -14)). Calculate the highest common divisor of x and u.
11
Let k be -4 - (-6)/3 - -9. Suppose -25 + 137 = 4*f. Suppose 0 = 3*v - f - 77. Calculate the highest common divisor of v and k.
7
Suppose -224 = -b + f - 0*f, b + 3*f = 204. Let k be 3 + (-5)/(5/156). Let a = b + k. What is the highest common divisor of a and 6?
6
Suppose -6*b + 100 = -b. Let q = -1300 + 1285. Let g = b + q. Calculate the greatest common factor of g and 50.
5
Let a(x) = -x**2 - 19*x + 1. Let z(j) = -20*j**2 + 1. Let m be z(-1). Let b be a(m). Calculate the highest common divisor of 4 and b.
1
Suppose 2*u - 4*a - 8 = 0, -11*u + 15 = -8*u - 5*a. Calculate the greatest common divisor of 170 and u.
10
Suppose -3*z = -2*x - 21 - 23, 59 = 3*z + x. Suppose z*h - 22*h + 456 = 0. Calculate the greatest common divisor of 76 and h.
38
Suppose -2*w + 119 = -9. What is the greatest common factor of w and 16?
16
Let u(n) = 102*n**2 + 19*n - 10. Let z be u(-3). What is the highest common factor of z and 37?
37
Let o(s) = 4*s**3 - 6*s**2 + 5. Let a be o(4). Let l be (-2)/2*(3 + -71 + (2 - 0)). What is the greatest common factor of l and a?
33
Let r(c) = -124*c - 564. Let a be r(-5). Suppose -5*s = 2*z - 3*s - 6, -4*z = -s - 32. What is the highest common divisor of z and a?
7
Let b(c) = -c**3 - 37*c**2 + 39*c + 39. Let p be b(-38). Calculate the greatest common factor of p and 5.
1
Let n = 22 - 20. Let o(t) = -5 + 3 - t + 4*t**n + 0*t. Let q be o(2). What is the highest common divisor of 6 and q?
6
Suppose 2*q = -3*p + 2402, -2*q + 1087 - 285 = p. Calculate the highest common factor of p and 60.
20
Let b be (-3)/(-2)*48/9. Suppose 3*l = -m + 25, 0*m - 44 = -5*l - 4*m. What is the highest common divisor of b and l?
8
Suppose -4701*v + 4710*v = 9. Let d(b) = 2*b**2 + 3*b - 3. Let a be d(2). Calculate the greatest common divisor of a and v.
1
Suppose 4*b + b = -2*q + 9, 5*q + 27 = 4*b. Let v be 9 + 23 - (q + -1). Suppose 6*p = 3*p + v. What is the highest common factor of p and 2?
2
Suppose 5*o = 83 + 27. Suppose -r = -o - 8. What is the highest common divisor of r and 210?
30
Let x(b) = -13*b - 8. Let n be x(-2). Suppose 0 = 4*j - i - 0*i - 288, -5*j + 2*i + 360 = 0. Calculate the highest common factor of j and n.
18
Suppose 4*z = -5*r + 25, -z + r = -5 + 1. Let l be ((-4)/(-10))/(1/z). What is the highest common factor of l and 1?
1
Let b(x) = -1 - 7 - 11*x + 12*x. Let v be b(10). Suppose -4*k + v = -3*k + g, 0 = -3*g - 15. Calculate the highest common divisor of k and 28.
7
Let d(n) be the first derivative of 51*n**2 + 17. Let c be d(1). Calculate the greatest common factor of 68 and c.
34
Let z be (1 - -11)*(-480)/(-128). Calculate the highest common factor of z and 105.
15
Let f = 139 - 94. Calculate the greatest common factor of 30 and f.
15
Suppose 0 = s + 19 - 331. Let u = -149 + s. Let z = u + -9. Calculate the highest common factor of 22 and z.
22
Let x(o) = -11*o**2 - 111*o + 2. Let k be x(-6). Calculate the greatest common divisor of 16 and k.
16
Let k(n) = n**2 - 2*n - 7. Let d be k(-7). What is the highest common divisor of d and 14?
14
Suppose 403*r - 8064 = 382*r. Calculate the highest common divisor of r and 12.
12
Let y(x) = 4*x**2 + 6*x + 19. Let w be y(8). What is the greatest common factor of 19 and w?
19
Let g be 3/4 - (-36)/16. Suppose -36 = 5*b - 3*m - 11, 5*b + g*m = -55. Let j = -3 - b. What is the greatest common divisor of 5 and j?
5
Suppose 0 = -5*m + 2*m + 141. Suppose -5*u = -2*u - 9, 220 = 5*j - 5*u. What is the highest common factor of m and j?
47
Suppose -53*s + 102*s = 54*s - 80. Suppose j = 5*r - 253 - 369, 2*j = -4*r + 506. Let q = r - 61. Calculate the highest common divisor of s and q.
16
Let x = 168 + 82. Suppose -4 = -q + 21. What is the highest common factor of x and q?
25
Suppose 4*u + u = 160. Let t = 5 + u. Suppose 3*z + r - 27 - t = 0, 20 = 5*r. Calculate the highest common divisor of z and 30.
10
Suppose v + v = 56. Let r(k) = -6*k + 12 + 8*k + 2*k - v. Let y be r(11). What is the greatest common factor of 42 and y?
14
Let a = 40 - 46. Let c be (-3)/(-6) - (-12)/(-8) - a. What is the highest common divisor of c and 65?
5
Let i(n) = n**2 + n - 12. Let f be i(-4). Suppose f = x + a - 16, 0 = -3*x - 4*a + 29 + 24. What is the greatest common factor of 143 and x?
11
Let v be -8 - ((-80)/10 - 506). What is the highest common factor of v and 22?
22
Let n = 220 - 320. Let q = n + 212. What is the highest common factor of q and 14?
14
Let h = -27 - -30. Suppose -3*s + 3*j + 75 = 0, -3*s + 139 - 34 = h*j. What is the greatest common divisor of s and 45?
15
Let k(c) = -c**3 + 2*c**2 + 2*c + 2. Let q be k(3). Let g = 5 - q. Suppose 3*x - g - 69 = 0. What is the greatest common divisor of x and 100?
25
Let j be (9*-1 + 1)/(-2). Suppose -j*b = -b. Suppose -4*t - 5*k = -38, t - 4*k + 1 = -b*k. Calculate the greatest common divisor of t and 1.
1
Let o(z) = 38*z - 14*z + z**2 + 5 - 22*z. Let t be o(-5). What is the greatest common factor of 110 and t?
10
Let t = 169 + -99. Let f = -17 - -31. Calculate the highest common divisor of f and t.
14
Let o be ((-15)/(-9))/(1/6). Let b = 42 + 68. Calculate the greatest common divisor of b and o.
10
Suppose -63*g - 13 + 1336 = 0. Suppose 4*h - 2*h - 4 = 0. Let y be (h + -3)/(1/(-168)). Calculate the highest common divisor of y and g.
21
Let v = 1217 - 965. What is the highest common divisor of v and 2?
2
Let x be 280/(-16)*(2 + 36/(-10)). What is the greatest common factor of 42 and x?
14
Let z be (15/